8691?
7, 19813
List the prime factors of 21735.
3, 5, 7, 23
What are the prime factors of 6231?
3, 31, 67
List the prime factors of 6103.
17, 359
What are the prime factors of 191?
191
What are the prime factors of 35591?
35591
List the prime factors of 10225.
5, 409
List the prime factors of 1327.
1327
List the prime factors of 63281.
63281
List the prime factors of 31046.
2, 19, 43
What are the prime factors of 4464?
2, 3, 31
List the prime factors of 54307.
11, 4937
List the prime factors of 70587.
3, 11, 23, 31
What are the prime factors of 1299?
3, 433
List the prime factors of 73821.
3, 11, 2237
List the prime factors of 1501.
19, 79
What are the prime factors of 89520?
2, 3, 5, 373
What are the prime factors of 31890?
2, 3, 5, 1063
List the prime factors of 90562.
2, 45281
List the prime factors of 3266.
2, 23, 71
List the prime factors of 11624.
2, 1453
List the prime factors of 2364.
2, 3, 197
What are the prime factors of 121625?
5, 7, 139
List the prime factors of 25944.
2, 3, 23, 47
List the prime factors of 29567.
29567
List the prime factors of 42427.
7, 11, 19, 29
List the prime factors of 33574.
2, 16787
What are the prime factors of 69610?
2, 5, 6961
List the prime factors of 59869.
19, 23, 137
List the prime factors of 10076.
2, 11, 229
List the prime factors of 1287.
3, 11, 13
List the prime factors of 10341.
3, 383
What are the prime factors of 5775?
3, 5, 7, 11
What are the prime factors of 7938?
2, 3, 7
List the prime factors of 6073.
6073
List the prime factors of 2734.
2, 1367
List the prime factors of 165338.
2, 19, 229
What are the prime factors of 37421?
23, 1627
What are the prime factors of 9134?
2, 4567
What are the prime factors of 80833?
80833
What are the prime factors of 838?
2, 419
List the prime factors of 2359.
7, 337
List the prime factors of 78759.
3, 2917
List the prime factors of 86184.
2, 3, 7, 19
List the prime factors of 3496.
2, 19, 23
What are the prime factors of 8487?
3, 23, 41
List the prime factors of 932.
2, 233
List the prime factors of 67833.
3, 7537
What are the prime factors of 5886?
2, 3, 109
List the prime factors of 1276.
2, 11, 29
What are the prime factors of 65987?
19, 23, 151
List the prime factors of 159.
3, 53
List the prime factors of 577.
577
List the prime factors of 10222.
2, 19, 269
What are the prime factors of 9907?
9907
List the prime factors of 8252.
2, 2063
What are the prime factors of 978?
2, 3, 163
List the prime factors of 28709.
19, 1511
List the prime factors of 6335.
5, 7, 181
What are the prime factors of 153877?
153877
What are the prime factors of 674?
2, 337
List the prime factors of 9753.
3, 3251
List the prime factors of 542.
2, 271
What are the prime factors of 50635?
5, 13, 19, 41
List the prime factors of 852.
2, 3, 71
List the prime factors of 77146.
2, 17, 2269
What are the prime factors of 185?
5, 37
What are the prime factors of 749?
7, 107
List the prime factors of 916.
2, 229
List the prime factors of 33033.
3, 7, 11, 13
What are the prime factors of 7979?
79, 101
List the prime factors of 33826.
2, 13, 1301
What are the prime factors of 7315?
5, 7, 11, 19
List the prime factors of 261.
3, 29
List the prime factors of 684.
2, 3, 19
List the prime factors of 933.
3, 311
What are the prime factors of 34637?
19, 1823
List the prime factors of 50113.
7, 7159
What are the prime factors of 66790?
2, 5, 6679
What are the prime factors of 100758?
2, 3, 7, 2399
What are the prime factors of 38197?
38197
List the prime factors of 1640.
2, 5, 41
List the prime factors of 81833.
19, 59, 73
List the prime factors of 770.
2, 5, 7, 11
List the prime factors of 70877.
70877
List the prime factors of 16287.
3, 61, 89
List the prime factors of 274.
2, 137
What are the prime factors of 1714?
2, 857
What are the prime factors of 66050?
2, 5, 1321
What are the prime factors of 940?
2, 5, 47
What are the prime factors of 3037?
3037
What are the prime factors of 53630?
2, 5, 31, 173
What are the prime factors of 24333?
3, 8111
What are the prime factors of 5771?
29, 199
What are the prime factors of 2408?
2, 7, 43
What are the prime factors of 43956?
2, 3, 11, 37
List the prime factors of 2100.
2, 3, 5, 7
What are the prime factors of 2416?
2, 151
List the prime factors of 20.
2, 5
What are the prime factors of 13158?
2, 3, 17, 43
List the prime factors of 2748.
2, 3, 229
What are the prime factors of 2627?
37, 71
List the prime factors of 7305.
3, 5, 487
What are the prime factors of 1376?
2, 43
List the prime factors of 6090.
2, 3, 5, 7, 29
What are the prime factors of 4852?
2, 1213
What are the prime factors of 1191?
3, 397
List the prime factors of 22488.
2, 3, 937
List the prime factors of 70790.
2, 5, 7079
List the prime factors of 548.
2, 137
List the prime factors of 80475.
3, 5, 29, 37
What are the prime factors of 22461?
3, 7487
What are the prime factors of 495?
3, 5, 11
List the prime factors of 44588.
2, 71, 157
What are the prime factors of 1398?
2, 3, 233
What are the prime factors of 18069?
3, 19, 317
What are the prime factors of 24952?
2, 3119
List the prime factors of 1726.
2, 863
What are the prime factors of 15297?
3, 5099
What are the prime factors of 5674?
2, 2837
What are the prime factors of 5106?
2, 3, 23, 37
List the prime factors of 31906.
2, 7, 43, 53
What are the prime factors of 2554?
2, 1277
List the prime factors of 20785.
5, 4157
List the prime factors of 5674.
2, 2837
List the prime factors of 10417.
11, 947
List the prime factors of 11970.
2, 3, 5, 7, 19
List the prime factors of 2549.
2549
What are the prime factors of 131?
131
List the prime factors of 3221.
3221
List the prime factors of 99225.
3, 5, 7
List the prime factors of 1603.
7, 229
List the prime factors of 4539.
3, 17, 89
List the prime factors of 64371.
3, 43, 499
List the prime factors of 45327.
3, 29, 521
List the prime factors of 10217.
17, 601
What are the prime factors of 81898?
2, 40949
What are the prime factors of 1586?
2, 13, 61
List the prime factors of 1564.
2, 17, 23
List the prime factors of 1253.
7, 179
List the prime factors of 3282.
2, 3, 547
List the prime factors of 402.
2, 3, 67
What are the prime factors of 80220?
2, 3, 5, 7, 191
What are the prime factors of 2707?
2707
List the prime factors of 9132.
2, 3, 761
What are the prime factors of 9082?
2, 19, 239
What are the prime factors of 1034?
2, 11, 47
What are the prime factors of 9773?
29, 337
List the prime factors of 2388.
2, 3, 199
List the prime factors of 2256.
2, 3, 47
What are the prime factors of 912?
2, 3, 19
List the prime factors of 2126.
2, 1063
What are the prime factors of 21729?
3, 7243
What are the prime factors of 66931?
66931
List the prime factors of 169.
13
What are the prime factors of 971?
971
List the prime factors of 550.
2, 5, 11
List the prime factors of 22848.
2, 3, 7, 17
What are the prime factors of 5522?
2, 11, 251
List the prime factors of 1665.
3, 5, 37
What are the prime factors of 502?
2, 251
List the prime factors of 128077.
211, 607
List the prime factors of 78002.
2, 43, 907
What are the prime factors of 590?
2, 5, 59
List the prime factors of 13941.
3, 1549
What are the prime factors of 1582?
2, 7, 113
What are the prime factors of 33290?
2, 5, 3329
What are the prime factors of 638?
2, 11, 29
List the prime factors of 3043.
17, 179
What are the prime factors of 12364?
2, 11, 281
What are the prime factors of 20800?
2, 5, 13
What are the prime factors of 39281?
11, 3571
What are the prime factors of 115042?
2, 97, 593
What are the prime factors of 28785?
3, 5, 19, 101
What are the prime factors of 6780?
2, 3, 5, 113
What are the prime factors of 1274?
2, 7, 13
What are the prime factors of 33503?
33503
What are the prime factors of 3393?
3, 13, 29
List the prime factors of 1617.
3, 7, 11
What are the prime factors of 934?
2, 467
List the prime factors of 33077.
11, 31, 97
What are the prime factors of 7621?
7621
List the prime factors of 2281.
2281
What are the prime factors of 45642?
2, 3, 7607
What are the prime factors of 36680?
2, 5, 7, 131
List the prime factors of 66466.
2, 167, 199
What are the prime factors of 691?
691
What are the prime factors of 70701?
3, 23567
What are the prime factors of 11034?
2, 3, 613
List the prime factors of 5015.
5, 17, 5